e 16, what is 8b4c8 - 236?
8b292
In base 9, what is -2811 - -720?
-2081
In base 7, what is -205 - -626363?
626155
In base 12, what is -19079a - -2?
-190798
In base 2, what is -100 - -1011010111001001011000?
1011010111001001010100
In base 15, what is e59 + -7ec?
65c
In base 6, what is 14214 - -2003?
20221
In base 16, what is -4bc8e - -1a?
-4bc74
In base 9, what is -2 - 3581733?
-3581735
In base 16, what is 3a73 + -5db?
3498
In base 4, what is -2010120101 - 232?
-2010120333
In base 12, what is -5 - 10989b6?
-10989bb
In base 14, what is -33834d + -2?
-338351
In base 6, what is -252021 + 332?
-251245
In base 12, what is 9888390 + -1?
988838b
In base 12, what is -7a2 + 10520?
b93a
In base 8, what is 5 - 61033273?
-61033266
In base 5, what is 1332 - -444244?
1001131
In base 8, what is 1656 - -542540?
544416
In base 2, what is 100000001100100001101000 - 10?
100000001100100001100110
In base 13, what is -464 - 13c78?
-1440c
In base 12, what is 18b24b8 - -3?
18b24bb
In base 6, what is -2234 + 12203324?
12201050
In base 8, what is 37162133 - 4?
37162127
In base 14, what is 4785b7d - 1?
4785b7c
In base 2, what is 1010010011011010101100 + 11?
1010010011011010101111
In base 10, what is -44268 + -149?
-44417
In base 3, what is -20002 + 10000021000?
10000000221
In base 5, what is 21430232303 - 11?
21430232242
In base 13, what is -1483 - -168?
-1318
In base 8, what is -7006650 + -162?
-7007032
In base 14, what is b75b77 + -1a?
b75b5b
In base 7, what is -1414124401 - 1?
-1414124402
In base 16, what is 5349f0 + -3c?
5349b4
In base 5, what is -300 - 302001243?
-302002043
In base 14, what is 3c81a - -81?
3c89b
In base 2, what is 0 - -10100010011100101011110011?
10100010011100101011110011
In base 10, what is -3 + 112893623?
112893620
In base 5, what is 1 - 24242431114?
-24242431113
In base 6, what is 114 - -50115200?
50115314
In base 12, what is -4 + -1512897?
-151289b
In base 16, what is 2 - -1296fa6?
1296fa8
In base 7, what is -5641 - 12255?
-21226
In base 6, what is 412115303 + 2?
412115305
In base 5, what is -111 - 24443330?
-24443441
In base 12, what is -17 + -614b42?
-614b59
In base 2, what is -10110001001101101010 - 11110000000?
-10110001101011101010
In base 5, what is -10313311 - 310?
-10314121
In base 12, what is -13123200 + 0?
-13123200
In base 8, what is -434702 + -2261?
-437163
In base 7, what is 16564505 + -115?
16564360
In base 16, what is b02 + 21896?
22398
In base 10, what is 528 - -384021?
384549
In base 10, what is 91 - 283534?
-283443
In base 2, what is 10 - -100101111001000111101?
100101111001000111111
In base 14, what is 37 - -5b6a53?
5b6a8a
In base 7, what is 3333 + 10362?
14025
In base 10, what is -451122361 + 3?
-451122358
In base 5, what is 2 + -422043232030?
-422043232023
In base 4, what is -20 + 202203202020?
202203202000
In base 6, what is 2 + 2150420433?
2150420435
In base 11, what is -4a2579 - 99?
-4a2667
In base 13, what is 241595c - -15?
2415974
In base 16, what is -936083 - -9?
-93607a
In base 13, what is 14bcb5a + -15?
14bcb45
In base 2, what is -101110101101001100100001000 - -101?
-101110101101001100100000011
In base 16, what is -99f8e3f - 4?
-99f8e43
In base 4, what is -2102 - -1131321230?
1131313122
In base 15, what is 73d065 - 2?
73d063
In base 2, what is -101 - 100100010101100110?
-100100010101101011
In base 8, what is 4062326 - 11?
4062315
In base 2, what is 10000011011010111 + 110011011?
10000100001110010
In base 11, what is 538 + -52a3?
-4866
In base 14, what is b2974 + -13b?
b2837
In base 7, what is 144234454 - 22?
144234432
In base 14, what is 0 - -151c872?
151c872
In base 9, what is 33 + 67164?
67207
In base 10, what is -86 - -241827?
241741
In base 11, what is -157178 - -18?
-157160
In base 10, what is 229526 - 458?
229068
In base 8, what is 27335400 - -101?
27335501
In base 11, what is -750a - 1a76?
-9485
In base 2, what is 11101011010111 - -1111110101?
11111011001100
In base 8, what is 5 + 22766510?
22766515
In base 4, what is -1333100320 + 20?
-1333100300
In base 15, what is 102 - -1013d2?
1014d4
In base 13, what is a223a158 - 2?
a223a156
In base 3, what is -12021210200021 + 110?
-12021210122211
In base 8, what is 10136043 - 23?
10136020
In base 14, what is 4 - 5c4abb6?
-5c4abb2
In base 13, what is 3cab83 + -4?
3cab7c
In base 11, what is -116a6a5 - -1?
-116a6a4
In base 13, what is 386465 - -8?
386470
In base 15, what is b952 + -40?
b912
In base 15, what is 0 - -8aca8?
8aca8
In base 7, what is -5 + 103656341?
103656333
In base 7, what is 6 + 26613006?
26613015
In base 9, what is -726430 + -313?
-726743
In base 6, what is -20035 + 212?
-15423
In base 10, what is -43121 - -581?
-42540
In base 9, what is -1707872 - -162?
-1707710
In base 12, what is a04 - -6b0?
14b4
In base 3, what is -10120001100221 - 1000?
-10120001101221
In base 8, what is -207044 - 11253?
-220317
In base 6, what is 11245454 - -2?
11245500
In base 8, what is 456433 + -150?
456263
In base 8, what is -341706 + -752?
-342660
In base 7, what is 4 + -113435536?
-113435532
In base 14, what is -4 - -4b447d5?
4b447d1
In base 12, what is 20a056 + -320?
209936
In base 11, what is 18a9759 + 17?
18a9775
In base 11, what is 282 + 8285?
8557
In base 3, what is -122202100111212 + 1?
-122202100111211
In base 7, what is -3 - -22621225?
22621222
In base 16, what is 65ba5 - 44?
65b61
In base 14, what is -54478 - 20d?
-54687
In base 6, what is -10 + -1034155051?
-1034155101
In base 15, what is 722b - 29e5?
4736
In base 12, what is 15 - 468a47?
-468a32
In base 16, what is 1c25f + -390?
1becf
In base 3, what is -111102100111112012 - 12?
-111102100111112101
In base 2, what is 101101 + 11010011011111111110?
11010011100000101011
In base 8, what is -45037 - -2002?
-43035
In base 13, what is 1b + bb7c56?
bb7c74
In base 9, what is 607473744 + 0?
607473744
In base 12, what is -112b9428 + 12?
-112b9416
In base 13, what is -b4a86b + -2?
-b4a870
In base 13, what is 1833235a + -5?
18332355
In base 13, what is 130162 - a8?
130087
In base 15, what is 2 + 2e5d9e?
2e5da1
In base 7, what is 223 - -1113?
1336
In base 7, what is -2216645365 - 10?
-2216645405
In base 11, what is -249805 + -4?
-249809
In base 3, what is 1000100212 - 100010?
1000000202
In base 11, what is -1a1a2379 + -2?
-1a1a2380
In base 12, what is 29b - a13889?
-a135aa
In base 16, what is -12793 - 13?
-127a6
In base 15, what is -2 - -10e19c5?
10e19c3
In base 3, what is -2122011112010 - -1?
-2122011112002
In base 3, what is 0 + 120111111210200220?
120111111210200220
In base 15, what is -222d519 - 1?
-222d51a
In base 16, what is 2e333 - -130?
2e463
In base 4, what is 323320020120 + -1?
323320020113
In base 9, what is 154350483 - -4?
154350487
In base 8, what is 41032 + -314677?
-253645
In base 8, what is -14326 + 2316?
-12010
In base 13, what is 1287 - 862?
725
In base 6, what is -501 - 241502240?
-241503141
In base 10, what is 97008 + 85?
97093
In base 7, what is -26 - -34361162?
34361133
In base 10, what is 42 - 5336346?
-5336304
In base 8, what is 1 + 166330416?
166330417
In base 11, what is 475850 + 116?
475966
In base 7, what is -6 - -5666042?
5666033
In base 14, what is -9401 + 8ab7?
-728
In base 14, what is -6 - 243d7bd8?
-243d7c00
In base 15, what is -78 - -14ee?
1476
In base 16, what is dbf19 + 3e4?
dc2fd
In base 3, what is 11222221220 - 1112100?
11221102120
In base 7, what is -640525201 + -1?
-640525202
In base 12, what is 4 + -16b35a0?
-16b3598
In base 15, what is -4 + 135aba5?
135aba1
In base 12, what is a9 + -14547?
-1445a
In base 6, what is -15110412 - 52?
-15110504
In base 7, what is 1250535044 - 3?
1250535041
In base 9, what is 15524877 + -56?
15524821
In base 15, what is 2d8b + -1806b?
-151d0
In base 8, what is -3 + 210435375?
210435372
In base 2, what is 1110101000000011001000 + 10011?
1110101000000011011011
In base 9, what is 4 + -21077015?
-21077011
In base 15, what is -dda076 - -3?
-dda073
In base 8, what is -1267 - -32646?
31357
In base 8, what is -212367 + 63?
-212304
In base 2, what is 1100111011110011 - -1001001?
1100111100111100
In base 2, what is -1 - 10001000011111001100000?
-10001000011111001100001
In base 3, what is -200112 + -1011102010112?
-1011102211001
In base 7, what is -55544310 + -44?
-55544354
In base 9, what is 148 - -66420?
66568
In base 3, what is 0 + 1122100122110121?
11221001221